{"id":96,"date":"2017-05-22T09:19:12","date_gmt":"2017-05-22T09:19:12","guid":{"rendered":"http:\/\/adurcal.com\/turismo\/?page_id=96"},"modified":"2019-10-11T10:08:44","modified_gmt":"2019-10-11T09:08:44","slug":"donde-dormir","status":"publish","type":"page","link":"http:\/\/adurcal.com\/turismo\/donde-dormir\/","title":{"rendered":"\u00bf DONDE DORMIR ?"},"content":{"rendered":"<h5><\/h5>\n<h5><span style=\"color: #800000;\"><strong>1.Casa de Josefina<\/strong><\/span><\/h5>\n<ul>\n<li style=\"text-align: justify;\">\n<h5><span style=\"color: #000000;\"><strong>Tipolog\u00eda:<\/strong> Vivienda Tur\u00edstica de Alojamiento Rural<\/span><\/h5>\n<\/li>\n<li style=\"text-align: justify;\">\n<h5><span style=\"color: #000000;\"><strong>Regi\u00f3n<\/strong>: <a style=\"color: #000000;\" href=\"http:\/\/www.turgranada.es\/region\/alpujarra-y-valle-de-lecrin\/\">Valle de Lecr\u00edn<\/a><\/span><\/h5>\n<\/li>\n<li style=\"text-align: justify;\">\n<h5><span style=\"color: #000000;\"><strong>Localidad:<\/strong> <a style=\"color: #000000;\" href=\"http:\/\/www.turgranada.es\/municipio\/durcal\/\">D\u00farcal<\/a><\/span><\/h5>\n<h5><span style=\"color: #000000;\"><img loading=\"lazy\" class=\"wp-image-3166 alignnone\" src=\"http:\/\/adurcal.com\/turismo\/wp-content\/uploads\/2018\/04\/th_3ba41eedfcd75faa684d049c39d87d4c_casadejosefina1.jpg\" alt=\"\" width=\"361\" height=\"217\" \/><\/span><\/h5>\n<\/li>\n<li style=\"text-align: justify;\">\n<h5><span style=\"color: #000000;\"><strong>Direcci\u00f3n:<\/strong> Camino de la Solana Alta<\/span><\/h5>\n<\/li>\n<li style=\"text-align: justify;\">\n<h5><span style=\"color: #000000;\"><strong>C\u00f3digo Postal:<\/strong> 18650<\/span><\/h5>\n<\/li>\n<\/ul>\n<h5 style=\"text-align: justify;\"><em><span style=\"color: #000000;\">Contacto:<\/span><\/em><\/h5>\n<ul>\n<li style=\"text-align: justify;\">\n<h5><span style=\"color: #000000;\"><strong>Tel\u00e9fono:<\/strong> 958 202 121<\/span><\/h5>\n<\/li>\n<li style=\"text-align: justify;\">\n<h5><span style=\"color: #000000;\"><strong>Web:<\/strong> <a style=\"color: #000000;\" href=\"http:\/\/www.casadejosefina.com\" target=\"_blank\" rel=\"noopener\">w<\/a><a style=\"color: #000000;\" href=\"http:\/\/www.casadejosefina.com\" target=\"_blank\" rel=\"noopener\">ww<\/a><a style=\"color: #000000;\" href=\"http:\/\/www.casadejosefina.com\/\" target=\"_blank\" rel=\"noopener\">casadejosefina<\/a><a style=\"color: #000000;\" href=\"http:\/\/www.casadejosefina.com\" target=\"_blank\" rel=\"noopener\">.com<\/a><\/span><\/h5>\n<\/li>\n<li style=\"text-align: justify;\">\n<h5><span style=\"color: #000000;\"><strong>Email:<\/strong> <a style=\"color: #000000;\" href=\"mailto:info@casadejosefina.com\">info@casadejosefina.com<\/a><\/span><\/h5>\n<\/li>\n<\/ul>\n<h5><strong style=\"color: #800000; font-size: 16px;\">2.Cortijo Chamar\u00edn :<\/strong><\/h5>\n<ul>\n<li>\n<h5><span style=\"color: #000000;\"><strong>Tipolog\u00eda:<\/strong> Vivienda Tur\u00edstica de Alojamiento Rural<\/span><\/h5>\n<\/li>\n<li>\n<h5><span style=\"color: #000000;\"><strong>Regi\u00f3n:<\/strong><a style=\"color: #000000;\" href=\"http:\/\/www.turgranada.es\/region\/alpujarra-y-valle-de-lecrin\/\">\u00a0Valle de Lecr\u00edn<\/a><\/span><\/h5>\n<\/li>\n<li>\n<h5><span style=\"color: #000000;\"><strong>Localidad:<\/strong> <a style=\"color: #000000;\" href=\"http:\/\/www.turgranada.es\/municipio\/durcal\/\">D\u00farcal<\/a><\/span><\/h5>\n<\/li>\n<li>\n<h5><span style=\"color: #000000;\"><strong>Direcci\u00f3n:<\/strong> Las Pe\u00f1as s\/n<\/span><\/h5>\n<\/li>\n<li>\n<h5><span style=\"color: #000000;\"><strong>C\u00f3digo Postal:<\/strong> 18650<\/span><\/h5>\n<\/li>\n<\/ul>\n<h5><em><span style=\"color: #000000;\">Contacto:<\/span><\/em><\/h5>\n<ul>\n<li>\n<h5><span style=\"color: #000000;\"><strong>Tel\u00e9fono:<\/strong> 958 780 975<\/span><\/h5>\n<\/li>\n<\/ul>\n<h5><span style=\"color: #800000;\"><strong>3.Cortijo El Almimbral :<\/strong><\/span><\/h5>\n<ul>\n<li>\n<h5><span style=\"color: #000000;\"><strong>Tipolog\u00eda:<\/strong> Vivienda Tur\u00edstica de Alojamiento RuraL<\/span><\/h5>\n<\/li>\n<li><span style=\"color: #000000;\"><img loading=\"lazy\" class=\"wp-image-3167 alignleft\" src=\"http:\/\/adurcal.com\/turismo\/wp-content\/uploads\/2018\/04\/th_3ba41eedfcd75faa684d049c39d87d4c_cortijoalmimbral3.jpg\" alt=\"\" width=\"270\" height=\"162\" \/><\/span><\/li>\n<li>\n<h5><span style=\"color: #000000;\"><strong>Regi\u00f3n:<\/strong> <a style=\"color: #000000;\" href=\"http:\/\/www.turgranada.es\/region\/alpujarra-y-valle-de-lecrin\/\">Valle de Lecr\u00edn<\/a><\/span><\/h5>\n<\/li>\n<li>\n<h5><span style=\"color: #000000;\"><strong>Localidad<\/strong>: <a style=\"color: #000000;\" href=\"http:\/\/www.turgranada.es\/municipio\/durcal\/\">D\u00farcal<\/a><\/span><\/h5>\n<\/li>\n<li>\n<h5><span style=\"color: #000000;\"><strong>Direcci\u00f3n:<\/strong> Ctra Bail\u00e9n-Motril sn<\/span><\/h5>\n<\/li>\n<li>\n<h5><span style=\"color: #000000;\"><strong>C\u00f3digo Postal:<\/strong> 18650<\/span><\/h5>\n<\/li>\n<\/ul>\n<h5><em><span style=\"color: #000000;\">Contacto:<\/span><\/em><\/h5>\n<ul>\n<li>\n<h5><span style=\"color: #000000;\"><strong>Tel\u00e9fono:<\/strong> 625 10 80 15<\/span><\/h5>\n<\/li>\n<li>\n<h5><span style=\"color: #000000;\"><strong>Habitaciones:<\/strong> 8<\/span><\/h5>\n<\/li>\n<li>\n<h5><span style=\"color: #000000;\"><strong>Plazas:<\/strong> 14<\/span><\/h5>\n<\/li>\n<\/ul>\n<h5><span style=\"color: #800000;\"><strong>4.El Molino del Puente :<\/strong><\/span><\/h5>\n<p>&nbsp;<\/p>\n<ul>\n<li>\n<h5><span style=\"color: #000000;\"><strong>Tipolog\u00eda:<\/strong> Casa Rural<em><img loading=\"lazy\" class=\"wp-image-33 alignleft\" src=\"http:\/\/adurcal.com\/turismo\/wp-content\/uploads\/2017\/05\/valle.jpg\" alt=\"valle\" width=\"256\" height=\"190\" \/><\/em><\/span><\/h5>\n<\/li>\n<li>\n<h5><span style=\"color: #000000;\"><strong>Regi\u00f3n:\u00a0<\/strong><a style=\"color: #000000;\" href=\"http:\/\/www.turgranada.es\/region\/alpujarra-y-valle-de-lecrin\/\">\u00a0Valle de Lecr\u00edn<\/a><\/span><\/h5>\n<\/li>\n<li>\n<h5><span style=\"color: #000000;\"><strong>Localidad:<\/strong> <a style=\"color: #000000;\" href=\"http:\/\/www.turgranada.es\/municipio\/durcal\/\">D\u00farcal<\/a><\/span><\/h5>\n<\/li>\n<li>\n<h5><span style=\"color: #000000;\"><strong>Direcci\u00f3n:<\/strong> Puente de D\u00farcal s\/n<\/span><\/h5>\n<\/li>\n<li>\n<h5><span style=\"color: #000000;\"><strong>C\u00f3digo Postal:<\/strong> 18650<\/span><\/h5>\n<\/li>\n<\/ul>\n<h5><em><span style=\"color: #000000;\">Contacto:<\/span><\/em><\/h5>\n<ul>\n<li>\n<h5><span style=\"color: #000000;\"><strong>Tel\u00e9fono:<\/strong> 958780731<\/span><\/h5>\n<\/li>\n<li>\n<h5><span style=\"color: #000000;\"><strong>Fax:<\/strong> 958781798<\/span><\/h5>\n<\/li>\n<li>\n<h5><span style=\"color: #000000;\"><strong>Web:<\/strong> <a style=\"color: #000000;\" href=\"http:\/\/www.elmolinodelpuente.com\" target=\"_blank\" rel=\"noopener\">www.elmolinodelpuente.com<\/a><\/span><\/h5>\n<\/li>\n<li>\n<h5><span style=\"color: #000000;\"><strong>Habitaciones:<\/strong> 12<\/span><\/h5>\n<\/li>\n<li>\n<h5><span style=\"color: #000000;\"><strong>Plazas:<\/strong> 20<\/span><\/h5>\n<\/li>\n<\/ul>\n<h5><span style=\"color: #800000;\"><strong>5.El Valle<\/strong><\/span><\/h5>\n<ul>\n<li>\n<h5><span style=\"color: #000000;\"><strong>Tipolog\u00eda:<\/strong> Casa Rural Superior<img loading=\"lazy\" class=\"wp-image-3168 alignleft\" src=\"http:\/\/adurcal.com\/turismo\/wp-content\/uploads\/2018\/04\/th_3ba41eedfcd75faa684d049c39d87d4c_elvalledurcalh2.jpg\" alt=\"\" width=\"270\" height=\"161\" \/><\/span><\/h5>\n<\/li>\n<li>\n<h5><span style=\"color: #000000;\"><strong>Regi\u00f3n:<\/strong>\u00a0<a style=\"color: #000000;\" href=\"http:\/\/www.turgranada.es\/region\/alpujarra-y-valle-de-lecrin\/\">\u00a0Valle de Lecr\u00edn<\/a><\/span><\/h5>\n<\/li>\n<li>\n<h5><span style=\"color: #000000;\"><strong>Localidad:<\/strong> <a style=\"color: #000000;\" href=\"http:\/\/www.turgranada.es\/municipio\/durcal\/\">D\u00farcal<\/a><\/span><\/h5>\n<\/li>\n<li>\n<h5><span style=\"color: #000000;\"><strong>Direcci\u00f3n:<\/strong> Solana Alta s\/n<\/span><\/h5>\n<\/li>\n<li><\/li>\n<li>\n<h5><span style=\"color: #000000;\"><strong>C\u00f3digo Postal:<\/strong> 18650<\/span><\/h5>\n<\/li>\n<\/ul>\n<h5><em><span style=\"color: #000000;\">Contacto:<\/span><\/em><\/h5>\n<ul>\n<li>\n<h5><span style=\"color: #000000;\"><strong>Tel\u00e9fono:<\/strong> 958 781515<\/span><\/h5>\n<\/li>\n<li>\n<h5><span style=\"color: #000000;\"><strong>Fax:<\/strong> 958 781515<\/span><\/h5>\n<\/li>\n<li>\n<h5><span style=\"color: #000000;\"><strong>Web:<\/strong> <a style=\"color: #000000;\" href=\"http:\/\/www.alojamientoruralelvalle.com\" target=\"_blank\" rel=\"noopener\">www.alojamientoruralelvalle.com<\/a><\/span><\/h5>\n<\/li>\n<li>\n<h5><span style=\"color: #000000;\"><strong>Email<\/strong>: <a style=\"color: #000000;\" href=\"mailto:info@alojamientoruralelvalle.com\">info@alojamientoruralelvalle.com<\/a><\/span><\/h5>\n<\/li>\n<li>\n<h5><span style=\"color: #000000;\"><strong>Habitaciones:<\/strong> 6<\/span><\/h5>\n<\/li>\n<li>\n<h5><span style=\"color: #000000;\"><strong>Plazas:<\/strong> 12<\/span><\/h5>\n<\/li>\n<\/ul>\n<h5><span style=\"color: #800000;\"><strong>6.El Zahor<\/strong><\/span><\/h5>\n<ul>\n<li>\n<h5><span style=\"color: #000000;\"><strong>Tipolog\u00eda:<\/strong> Pensi\u00f3n<img loading=\"lazy\" class=\"wp-image-3169 alignleft\" src=\"http:\/\/adurcal.com\/turismo\/wp-content\/uploads\/2018\/04\/th_3ba41eedfcd75faa684d049c39d87d4c_elzahor_ext.jpg\" alt=\"\" width=\"272\" height=\"164\" \/><\/span><\/h5>\n<\/li>\n<li>\n<h5><span style=\"color: #000000;\"><strong>Regi\u00f3n:<\/strong> <a style=\"color: #000000;\" href=\"http:\/\/www.turgranada.es\/region\/alpujarra-y-valle-de-lecrin\/\">Valle de Lecr\u00edn<\/a><\/span><\/h5>\n<\/li>\n<li>\n<h5><span style=\"color: #000000;\"><strong>Localidad:<\/strong> <a style=\"color: #000000;\" href=\"http:\/\/www.turgranada.es\/municipio\/durcal\/\">D\u00farcal<\/a><\/span><\/h5>\n<\/li>\n<li>\n<h5><span style=\"color: #000000;\"><strong>Direcci\u00f3n:<\/strong> Bda. Marchena s\/n<\/span><\/h5>\n<\/li>\n<li>\n<h5><span style=\"color: #000000;\"><strong>C\u00f3digo Postal:<\/strong> 18650<\/span><\/h5>\n<\/li>\n<\/ul>\n<h5><em><span style=\"color: #000000;\">Contacto:<\/span><\/em><\/h5>\n<ul>\n<li>\n<h5><span style=\"color: #000000;\"><strong>Tel\u00e9fono:<\/strong> 958780101<\/span><\/h5>\n<\/li>\n<li>\n<h5><span style=\"color: #000000;\"><strong>Web<\/strong>: <a style=\"color: #000000;\" href=\"http:\/\/www.elzahor.es\" target=\"_blank\" rel=\"noopener\">www.elzahor.es<\/a><\/span><\/h5>\n<\/li>\n<li>\n<h5><span style=\"color: #000000;\"><strong>Email:<\/strong> <a style=\"color: #000000;\" href=\"mailto:oficina@elzahor.es\">oficina@elzahor.es<\/a><\/span><\/h5>\n<\/li>\n<\/ul>\n<h5><span style=\"color: #800000;\"><strong>7.Granja Escuela Molino del Lecr\u00edn<\/strong><\/span><\/h5>\n<ul>\n<li>\n<h5><span style=\"color: #000000;\"><span style=\"color: #000000;\"><strong>Tipolog\u00eda:<\/strong> Pensi\u00f3n<\/span><\/span><\/h5>\n<p><img loading=\"lazy\" class=\"size-medium wp-image-2695\" src=\"http:\/\/adurcal.com\/turismo\/wp-content\/uploads\/2018\/04\/Molinos-r\u00edo-4-300x225.jpg\" alt=\"MOLINO DE JUANA GRANJA ESCUELA R\u00cdO D\u00daRCAL TURISMO D\u00daRCAL VALLE DE LECR\u00cdN\" width=\"300\" height=\"225\" srcset=\"http:\/\/adurcal.com\/turismo\/wp-content\/uploads\/2018\/04\/Molinos-r\u00edo-4-300x225.jpg 300w, http:\/\/adurcal.com\/turismo\/wp-content\/uploads\/2018\/04\/Molinos-r\u00edo-4-768x576.jpg 768w, http:\/\/adurcal.com\/turismo\/wp-content\/uploads\/2018\/04\/Molinos-r\u00edo-4.jpg 817w\" sizes=\"(max-width: 300px) 100vw, 300px\" \/><\/li>\n<li>\n<h5><span style=\"color: #000000;\"><strong>Regi\u00f3n:<\/strong> <a style=\"color: #000000;\" href=\"http:\/\/www.turgranada.es\/region\/alpujarra-y-valle-de-lecrin\/\">Valle de Lecr\u00edn<\/a><\/span><\/h5>\n<\/li>\n<li>\n<h5><span style=\"color: #000000;\"><strong>Localidad:<\/strong> <a style=\"color: #000000;\" href=\"http:\/\/www.turgranada.es\/municipio\/durcal\/\">D\u00farcal<\/a><\/span><\/h5>\n<\/li>\n<li>\n<h5><span style=\"color: #000000;\"><strong>Direcci\u00f3n:<\/strong> Cuesta de Cozv\u00edjar s\/n<\/span><\/h5>\n<\/li>\n<li>\n<h5><span style=\"color: #000000;\"><strong>C\u00f3digo Postal:<\/strong> 18650<\/span><\/h5>\n<\/li>\n<\/ul>\n<h5><em><span style=\"color: #000000;\">Contacto:<\/span><\/em><\/h5>\n<ul>\n<li>\n<h5><span style=\"color: #000000;\"><strong>Tel\u00e9fono:<\/strong> 958 780519<\/span><\/h5>\n<\/li>\n<li>\n<h5><span style=\"color: #000000;\"><strong>Web:<\/strong> <a style=\"color: #000000;\" href=\"http:\/\/www.elmolinodelecrin.es\/\" target=\"_blank\" rel=\"noopener\">www.elmolinodelecrin.es\/<\/a><\/span><\/h5>\n<\/li>\n<li>\n<h5><span style=\"color: #000000;\"><strong>Plazas:<\/strong> 64<\/span><\/h5>\n<\/li>\n<\/ul>\n<h5><span style=\"color: #800000;\"><strong>8.La Casa de Alm\u00f3cita<\/strong><\/span><\/h5>\n<ul>\n<li style=\"list-style-type: none;\">\n<ul>\n<li>\n<h5><span style=\"color: #000000;\"><strong>Tipolog\u00eda:<\/strong> Apartamento Edificios \/ Complejos 2 Llaves<\/span><\/h5>\n<h5><\/h5>\n<p><img loading=\"lazy\" class=\"wp-image-3170 alignleft\" src=\"http:\/\/adurcal.com\/turismo\/wp-content\/uploads\/2018\/04\/th_3ba41eedfcd75faa684d049c39d87d4c_lacasadealmocita.jpg\" alt=\"\" width=\"298\" height=\"180\" \/><\/li>\n<li>\n<h5><span style=\"color: #000000;\"><strong>Regi\u00f3n:<\/strong> <a style=\"color: #000000;\" href=\"http:\/\/www.turgranada.es\/region\/alpujarra-y-valle-de-lecrin\/\">Valle de Lecr\u00edn<\/a><\/span><\/h5>\n<\/li>\n<li>\n<h5><span style=\"color: #000000;\"><strong>Localidad:<\/strong> <a style=\"color: #000000;\" href=\"http:\/\/www.turgranada.es\/municipio\/durcal\/\">D\u00farcal<\/a><\/span><\/h5>\n<\/li>\n<li>\n<h5><span style=\"color: #000000;\"><strong>Direcci\u00f3n:<\/strong> Morcillo, 43<\/span><\/h5>\n<\/li>\n<\/ul>\n<\/li>\n<\/ul>\n<h5><span style=\"color: #000000;\">\u00a0<\/span><\/h5>\n<ul>\n<li>\n<h5><span style=\"color: #000000;\"><strong>C\u00f3digo Postal:<\/strong> 18650<\/span><\/h5>\n<\/li>\n<\/ul>\n<h5><em><span style=\"color: #000000;\">Contacto:<\/span><\/em><\/h5>\n<ul>\n<li>\n<h5><span style=\"color: #000000;\"><strong>Tel\u00e9fono:<\/strong> 693 065972<\/span><\/h5>\n<\/li>\n<li>\n<h5><span style=\"color: #000000;\"><strong>Web:<\/strong> <a style=\"color: #000000;\" href=\"http:\/\/www.lacasadealmocita.com\" target=\"_blank\" rel=\"noopener\">www.lacasadealmocita.com<\/a><\/span><\/h5>\n<\/li>\n<li>\n<h5><span style=\"color: #000000;\"><strong>Plazas:<\/strong> 25<\/span><\/h5>\n<\/li>\n<\/ul>\n<h5><span style=\"color: #800000;\"><strong>9.La Fonda<\/strong><\/span><\/h5>\n<ul>\n<li>\n<h5><span style=\"color: #000000;\"><strong>Tipolog\u00eda:<\/strong> Pensi\u00f3n<img loading=\"lazy\" class=\"wp-image-3171 alignleft\" src=\"http:\/\/adurcal.com\/turismo\/wp-content\/uploads\/2018\/04\/th_3ba41eedfcd75faa684d049c39d87d4c_lafonda_ext.jpg\" alt=\"\" width=\"277\" height=\"167\" \/><\/span><\/h5>\n<\/li>\n<li>\n<h5><span style=\"color: #000000;\"><strong>Regi\u00f3n:<\/strong> <a style=\"color: #000000;\" href=\"http:\/\/www.turgranada.es\/region\/alpujarra-y-valle-de-lecrin\/\">\u00a0Valle de Lecr\u00edn<\/a><\/span><\/h5>\n<\/li>\n<li>\n<h5><span style=\"color: #000000;\"><strong>Localidad:<\/strong> <a style=\"color: #000000;\" href=\"http:\/\/www.turgranada.es\/municipio\/durcal\/\">D\u00farcal<\/a><\/span><\/h5>\n<\/li>\n<li>\n<h5><span style=\"color: #000000;\"><strong>Direcci\u00f3n:<\/strong> San Jos\u00e9, 34<\/span><\/h5>\n<\/li>\n<li>\n<h5><span style=\"color: #000000;\"><strong>C\u00f3digo Postal:<\/strong> 18650<\/span><\/h5>\n<\/li>\n<\/ul>\n<h5><em><span style=\"color: #000000;\">Contacto:<\/span><\/em><\/h5>\n<ul>\n<li>\n<h5><span style=\"color: #000000;\"><strong>Tel\u00e9fono:<\/strong> 958780730<\/span><\/h5>\n<\/li>\n<\/ul>\n<h5><strong style=\"color: #800000;\">10.Velabrisa<\/strong><\/h5>\n<ul>\n<li>\n<h5><span style=\"color: #000000;\"><strong>Tipolog\u00eda:<\/strong> Vivienda Tur\u00edstica de Alojamiento Rural<\/span><\/h5>\n<\/li>\n<li>\n<h5><span style=\"color: #000000;\"><strong>Regi\u00f3n:<\/strong> <a style=\"color: #000000;\" href=\"http:\/\/www.turgranada.es\/region\/alpujarra-y-valle-de-lecrin\/\">\u00a0Valle de Lecr\u00edn<\/a><\/span><\/h5>\n<\/li>\n<li>\n<h5><span style=\"color: #000000;\"><strong>Localidad:<\/strong> <a style=\"color: #000000;\" href=\"http:\/\/www.turgranada.es\/municipio\/durcal\/\">D\u00farcal<\/a><\/span><\/h5>\n<\/li>\n<li>\n<h5><span style=\"color: #000000;\"><strong>Direcci\u00f3n:<\/strong> Corral de Aranda s\/n<\/span><\/h5>\n<\/li>\n<li>\n<h5><span style=\"color: #000000;\"><strong>C\u00f3digo Postal:<\/strong> 18650<\/span><\/h5>\n<\/li>\n<\/ul>\n<h5><em><span style=\"color: #000000;\">Contacto:<\/span><\/em><\/h5>\n<ul>\n<li>\n<h5><span style=\"color: #000000;\"><strong>Tel\u00e9fono:<\/strong> 667 633 355<\/span><\/h5>\n<\/li>\n<\/ul>\n<h5><strong><span style=\"color: #993300;\">\u00a011.Casa Aurora\u00a0<\/span><\/strong><\/h5>\n<ul>\n<li>\n<h5><strong>Tipolog\u00eda: casa rural<\/strong><strong>\u00a0 <\/strong><\/h5>\n<\/li>\n<li>\n<h5><strong>regi\u00f3n:Valle de Lecr\u00edn<\/strong><\/h5>\n<\/li>\n<li>\n<h5><strong><img loading=\"lazy\" class=\"wp-image-2342 alignleft\" src=\"http:\/\/adurcal.com\/turismo\/wp-content\/uploads\/2018\/03\/e2-300x225.jpg\" alt=\"\" width=\"253\" height=\"189\" srcset=\"http:\/\/adurcal.com\/turismo\/wp-content\/uploads\/2018\/03\/e2-300x225.jpg 300w, http:\/\/adurcal.com\/turismo\/wp-content\/uploads\/2018\/03\/e2.jpg 400w\" sizes=\"(max-width: 253px) 100vw, 253px\" \/><\/strong><\/h5>\n<\/li>\n<li>\n<h5><strong>\u00a0 \u00a0 \u00a0 Localidad: D\u00farcal<\/strong><\/h5>\n<\/li>\n<li>\n<h5><strong>\u00a0 \u00a0 \u00a0 Direcci\u00f3n<\/strong>:<strong>Moredas 6<\/strong><\/h5>\n<\/li>\n<li>\n<h5><strong>\u00a0 \u00a0 \u00a0 \u00a0C\u00f3digo postal:18650<\/strong><\/h5>\n<\/li>\n<\/ul>\n<h5><\/h5>\n<h5>Contacto:<\/h5>\n<ul>\n<li>\n<h5><strong>Tel\u00e9fono:678642477<\/strong><\/h5>\n<\/li>\n<li>\n<h5><a href=\"http:\/\/www.casadeaurora.com\" target=\"_blank\" rel=\"noopener\"><strong>Web: www.casadeaurora.com<\/strong><\/a><\/h5>\n<\/li>\n<\/ul>\n","protected":false},"excerpt":{"rendered":"<p>1.Casa de Josefina Tipolog\u00eda: Vivienda Tur\u00edstica de Alojamiento Rural Regi\u00f3n: Valle de Lecr\u00edn Localidad: D\u00farcal Direcci\u00f3n: Camino de la Solana Alta C\u00f3digo Postal: 18650 Contacto: Tel\u00e9fono: 958 202 121 Web: wwwcasadejosefina.com Email: info@casadejosefina.com 2.Cortijo Chamar\u00edn : Tipolog\u00eda: Vivienda Tur\u00edstica de Alojamiento Rural Regi\u00f3n:\u00a0Valle de Lecr\u00edn Localidad: D\u00farcal Direcci\u00f3n: Las Pe\u00f1as s\/n C\u00f3digo Postal: 18650 Contacto: [&hellip;]<\/p>\n","protected":false},"author":1,"featured_media":0,"parent":0,"menu_order":3,"comment_status":"closed","ping_status":"closed","template":"","meta":[],"_links":{"self":[{"href":"http:\/\/adurcal.com\/turismo\/wp-json\/wp\/v2\/pages\/96"}],"collection":[{"href":"http:\/\/adurcal.com\/turismo\/wp-json\/wp\/v2\/pages"}],"about":[{"href":"http:\/\/adurcal.com\/turismo\/wp-json\/wp\/v2\/types\/page"}],"author":[{"embeddable":true,"href":"http:\/\/adurcal.com\/turismo\/wp-json\/wp\/v2\/users\/1"}],"replies":[{"embeddable":true,"href":"http:\/\/adurcal.com\/turismo\/wp-json\/wp\/v2\/comments?post=96"}],"version-history":[{"count":52,"href":"http:\/\/adurcal.com\/turismo\/wp-json\/wp\/v2\/pages\/96\/revisions"}],"predecessor-version":[{"id":1972,"href":"http:\/\/adurcal.com\/turismo\/wp-json\/wp\/v2\/pages\/96\/revisions\/1972"}],"wp:attachment":[{"href":"http:\/\/adurcal.com\/turismo\/wp-json\/wp\/v2\/media?parent=96"}],"curies":[{"name":"wp","href":"https:\/\/api.w.org\/{rel}","templated":true}]}}