{"id":426,"date":"2017-12-19T13:26:32","date_gmt":"2017-12-19T13:26:32","guid":{"rendered":"http:\/\/adurcal.com\/turismo\/?page_id=426"},"modified":"2018-04-13T08:53:24","modified_gmt":"2018-04-13T07:53:24","slug":"el-penon-del-moro","status":"publish","type":"page","link":"http:\/\/adurcal.com\/turismo\/el-penon-del-moro\/","title":{"rendered":"El Pe\u00f1on del Moro"},"content":{"rendered":"<p><img loading=\"lazy\" class=\" wp-image-1004\" src=\"http:\/\/adurcal.com\/turismo\/wp-content\/uploads\/2018\/01\/70_0119653-2-300x78.jpg\" alt=\"\" width=\"573\" height=\"149\" srcset=\"http:\/\/adurcal.com\/turismo\/wp-content\/uploads\/2018\/01\/70_0119653-2-300x78.jpg 300w, http:\/\/adurcal.com\/turismo\/wp-content\/uploads\/2018\/01\/70_0119653-2-768x199.jpg 768w, http:\/\/adurcal.com\/turismo\/wp-content\/uploads\/2018\/01\/70_0119653-2.jpg 1024w\" sizes=\"(max-width: 573px) 100vw, 573px\" \/><\/p>\n<h4 align=\"center\"><span style=\"font-size: x-large;\">\u00a0<\/span><\/h4>\n<h4><img loading=\"lazy\" class=\" wp-image-427 alignright\" src=\"http:\/\/adurcal.com\/turismo\/wp-content\/uploads\/2017\/12\/pe\u00f1on-300x200.jpg\" alt=\"\" width=\"245\" height=\"163\" \/><\/h4>\n<h4>En el cerro de <em><strong>San Antonio<\/strong><\/em> en una posici\u00f3n estrat\u00e9gica ,privilegiada se encuentra el denominado castillejo, a unos 2km del pueblo de <em><strong>D\u00farcal<\/strong><\/em>. Su visi\u00f3n y control de la zona era total y las vistas de 360\u00ba en este enclave merecen ser destacadas.<\/h4>\n<p><img loading=\"lazy\" class=\" wp-image-2200\" src=\"http:\/\/adurcal.com\/turismo\/wp-content\/uploads\/2018\/03\/images-copia-copia-300x168.jpg\" alt=\"\u00c1LJIBE DEL PE\u00d1\u00d3N DEL MORO D\u00daRCAL GRANADA TURISMO D\u00daRCAL VALLE DE LECR\u00cdN\" width=\"489\" height=\"274\" \/><\/p>\n<h4><\/h4>\n<h4>Se comunica visualmente con las atalayas de <em><strong>Conchar y Saleres<\/strong> <\/em>y con<a href=\"http:\/\/adurcal.com\/turismo\/el-fuerte-de-margena\/\"> el fuerte de M\u00e1rgena.<\/a> Se conservan los restos de una torre y un aljibe.<\/h4>\n<h4><img loading=\"lazy\" class=\"alignnone size-medium wp-image-827\" src=\"http:\/\/adurcal.com\/turismo\/wp-content\/uploads\/2018\/01\/aljibe5_small-300x240.jpg\" alt=\"\" width=\"300\" height=\"240\" srcset=\"http:\/\/adurcal.com\/turismo\/wp-content\/uploads\/2018\/01\/aljibe5_small-300x240.jpg 300w, http:\/\/adurcal.com\/turismo\/wp-content\/uploads\/2018\/01\/aljibe5_small.jpg 312w\" sizes=\"(max-width: 300px) 100vw, 300px\" \/><\/h4>\n<h4>Este \u00faltimo es la estructura qu<img loading=\"lazy\" class=\" wp-image-428 alignleft\" src=\"http:\/\/adurcal.com\/turismo\/wp-content\/uploads\/2017\/12\/pe\u00f1on2-300x168.jpg\" alt=\"\" width=\"288\" height=\"161\" \/>e mejor se conserva, se accede a \u00e9l por su cara norte, por una rotura realizada en forma de arco. Su planta es rectangular con medidas de 5m x 2,10m, y de una altura desconocida al encontrarse relleno parte de \u00e9l. Se cubre con b\u00f3veda de mamposter\u00eda.<\/h4>\n<h4>Pr\u00f3ximo al aljibe se encuentran restos de la puerta de acceso al conjunto. Quedan restos de murallas al oeste y suroeste, as\u00ed como torres a los \u00e1ngulos noroeste y sureste.<\/h4>\n<h4><\/h4>\n<h4><img loading=\"lazy\" class=\" wp-image-1096\" src=\"http:\/\/adurcal.com\/turismo\/wp-content\/uploads\/2018\/01\/normal_70_0119696-1-300x200.jpg\" alt=\"\" width=\"389\" height=\"259\" srcset=\"http:\/\/adurcal.com\/turismo\/wp-content\/uploads\/2018\/01\/normal_70_0119696-1-300x200.jpg 300w, http:\/\/adurcal.com\/turismo\/wp-content\/uploads\/2018\/01\/normal_70_0119696-1.jpg 600w\" sizes=\"(max-width: 389px) 100vw, 389px\" \/><\/h4>\n<h4>Cercano a este muro hay restos de un muro enlucido que podr\u00edan pertenecer a otro aljibe. En el lado norte de la construcci\u00f3n se conservan bastantes restos. Tambi\u00e9n se pueden ver partes de un pasadizo que desciende hasta el <strong>R\u00edo D\u00farcal<\/strong>. Posiblemente de <em><strong>\u00e9poca Nazar\u00ed,<\/strong><\/em> se trataba de un isn o fortaleza y esta declarado como Bien de Inter\u00e9s Cultural (B.I.C.)<\/h4>\n<h4><img loading=\"lazy\" class=\"alignnone wp-image-828\" src=\"http:\/\/adurcal.com\/turismo\/wp-content\/uploads\/2018\/01\/bajada1-300x240.jpg\" alt=\"\" width=\"612\" height=\"489\" srcset=\"http:\/\/adurcal.com\/turismo\/wp-content\/uploads\/2018\/01\/bajada1-300x240.jpg 300w, http:\/\/adurcal.com\/turismo\/wp-content\/uploads\/2018\/01\/bajada1.jpg 720w\" sizes=\"(max-width: 612px) 100vw, 612px\" \/><a href=\"http:\/\/www.adurcal.com\/enlaces\/mancomunidad\/noticias\/3dgoogle\/emulaciones\/penon\/index.htm\" target=\"_blank\" rel=\"noopener\">\u00a0VER EN 3D<\/a><\/h4>\n","protected":false},"excerpt":{"rendered":"<p>\u00a0 En el cerro de San Antonio en una posici\u00f3n estrat\u00e9gica ,privilegiada se encuentra el denominado castillejo, a unos 2km del pueblo de D\u00farcal. Su visi\u00f3n y control de la zona era total y las vistas de 360\u00ba en este enclave merecen ser destacadas. Se comunica visualmente con las atalayas de Conchar y Saleres y [&hellip;]<\/p>\n","protected":false},"author":1,"featured_media":1004,"parent":0,"menu_order":0,"comment_status":"closed","ping_status":"closed","template":"","meta":[],"_links":{"self":[{"href":"http:\/\/adurcal.com\/turismo\/wp-json\/wp\/v2\/pages\/426"}],"collection":[{"href":"http:\/\/adurcal.com\/turismo\/wp-json\/wp\/v2\/pages"}],"about":[{"href":"http:\/\/adurcal.com\/turismo\/wp-json\/wp\/v2\/types\/page"}],"author":[{"embeddable":true,"href":"http:\/\/adurcal.com\/turismo\/wp-json\/wp\/v2\/users\/1"}],"replies":[{"embeddable":true,"href":"http:\/\/adurcal.com\/turismo\/wp-json\/wp\/v2\/comments?post=426"}],"version-history":[{"count":22,"href":"http:\/\/adurcal.com\/turismo\/wp-json\/wp\/v2\/pages\/426\/revisions"}],"predecessor-version":[{"id":3502,"href":"http:\/\/adurcal.com\/turismo\/wp-json\/wp\/v2\/pages\/426\/revisions\/3502"}],"wp:featuredmedia":[{"embeddable":true,"href":"http:\/\/adurcal.com\/turismo\/wp-json\/wp\/v2\/media\/1004"}],"wp:attachment":[{"href":"http:\/\/adurcal.com\/turismo\/wp-json\/wp\/v2\/media?parent=426"}],"curies":[{"name":"wp","href":"https:\/\/api.w.org\/{rel}","templated":true}]}}