{"id":2867,"date":"2018-04-03T12:26:01","date_gmt":"2018-04-03T11:26:01","guid":{"rendered":"http:\/\/adurcal.com\/turismo\/?page_id=2867"},"modified":"2018-04-11T11:54:25","modified_gmt":"2018-04-11T10:54:25","slug":"los-tuset","status":"publish","type":"page","link":"http:\/\/adurcal.com\/turismo\/los-tuset\/","title":{"rendered":"Los Tuset"},"content":{"rendered":"<h4>Aunque esta familia no lleva el nombre de D\u00farcal o de ninguno de sus barrios, no por ello no debemos recordar a estos personajes hist\u00f3ricos y pertenecientes a la nobleza que hicieron mucho por D\u00farcal y por los habitantes del valle de Lecr\u00edn.<\/h4>\n<h4><img loading=\"lazy\" class=\"alignnone size-medium wp-image-2881\" src=\"http:\/\/adurcal.com\/turismo\/wp-content\/uploads\/2018\/04\/juan_small1-198x300.jpg\" alt=\"\" width=\"198\" height=\"300\" srcset=\"http:\/\/adurcal.com\/turismo\/wp-content\/uploads\/2018\/04\/juan_small1-198x300.jpg 198w, http:\/\/adurcal.com\/turismo\/wp-content\/uploads\/2018\/04\/juan_small1.jpg 400w\" sizes=\"(max-width: 198px) 100vw, 198px\" \/><\/h4>\n<h4>Don Juan Tuset y Malet, procedente de Tarragona de familia con t\u00edtulo nobiliario, tras sus estudios como ingeniero de caminos acaba recalando en D\u00farcal donde dise\u00f1a el complicado puente de la carretera, que hasta su llegada no se ten\u00eda demasiado claro de\u00a0 c\u00f3mo se ten\u00eda\u00a0 que hacer. El puente empieza a construirse en 1850 y se acaba en 1858. Este puente aparece al escudo de D\u00farcal. Tambi\u00e9n realiza el dise\u00f1o de los puentes de Tablate y el dise\u00f1o del t\u00fanel\u00a0 de la Gorgoracha.<\/h4>\n<h4><img loading=\"lazy\" class=\"alignnone wp-image-2893\" src=\"http:\/\/adurcal.com\/turismo\/wp-content\/uploads\/2018\/04\/puente_small-300x199.jpg\" alt=\"\" width=\"469\" height=\"311\" srcset=\"http:\/\/adurcal.com\/turismo\/wp-content\/uploads\/2018\/04\/puente_small-300x199.jpg 300w, http:\/\/adurcal.com\/turismo\/wp-content\/uploads\/2018\/04\/puente_small.jpg 700w\" sizes=\"(max-width: 469px) 100vw, 469px\" \/><\/h4>\n<h4>Don Juan Tuset se cas\u00f3 con una hija del m\u00e9dico de D\u00farcal, de la familia de los Romanones, 17 a\u00f1os m\u00e1s joven que \u00e9l. La casa de la familia de su esposa comprend\u00eda desde la molino de aceite de los Antelos (actual hotel mariami) hasta las escuelas de Balina, que fue la residencia del matrimonio y de la familia en D\u00farcal, aunque tambi\u00e9n compart\u00edan la residencia en Granada en la calle Darro n\u00famero 10. Hizo tambi\u00e9n el proyecto de la casa donde actualmente se encuentra el restaurante Chikito, en la plaza del Campillo.<\/h4>\n<h4>El capital de esta familia fue considerable en la provincia de Granada, cerca del puente de D\u00farcal reconstruyeron un molino de harina donde actualmente se encuentra el restaurante y de alojamiento rural el Molino del Puente. Su inauguraci\u00f3n\u00a0 en 1892 fue una fiesta.La foto es de 1900.<\/h4>\n<p><img loading=\"lazy\" class=\"alignnone wp-image-2145\" src=\"http:\/\/adurcal.com\/turismo\/wp-content\/uploads\/2018\/03\/7_small-copia-copia-copia-300x216.jpg\" alt=\"\" width=\"393\" height=\"283\" srcset=\"http:\/\/adurcal.com\/turismo\/wp-content\/uploads\/2018\/03\/7_small-copia-copia-copia-300x216.jpg 300w, http:\/\/adurcal.com\/turismo\/wp-content\/uploads\/2018\/03\/7_small-copia-copia-copia-768x553.jpg 768w, http:\/\/adurcal.com\/turismo\/wp-content\/uploads\/2018\/03\/7_small-copia-copia-copia.jpg 800w\" sizes=\"(max-width: 393px) 100vw, 393px\" \/><\/p>\n<h4>Tras la muerte en Juan Tuset, fue su viuda e hijo primog\u00e9nito Don Antonio Tuset los que contin\u00faan con los negocios de la familia. Ella era conocida como la reina del valle por su fortuna, belleza y porte se\u00f1orial. El ex Presidente de Espa\u00f1a, el Se\u00f1or Moret en 1908 estuvo comiendo en su casa de Balina donde tambi\u00e9n acudieron todas las personalidades del valle de Lecr\u00edn.<\/h4>\n<p><img loading=\"lazy\" class=\"alignnone wp-image-2894\" src=\"http:\/\/adurcal.com\/turismo\/wp-content\/uploads\/2018\/04\/antonia_small-203x300.jpg\" alt=\"\" width=\"270\" height=\"399\" srcset=\"http:\/\/adurcal.com\/turismo\/wp-content\/uploads\/2018\/04\/antonia_small-203x300.jpg 203w, http:\/\/adurcal.com\/turismo\/wp-content\/uploads\/2018\/04\/antonia_small.jpg 400w\" sizes=\"(max-width: 270px) 100vw, 270px\" \/><\/p>\n<h4>Crean una central el\u00e9ctrica en el cauce del r\u00edo D\u00farcal, <a href=\"http:\/\/adurcal.com\/turismo\/central-electrica-de-san-antonio\/\">la central el\u00e9ctrica de San Antonio<\/a>, inaugurada en 1908, en el t\u00e9rmino municipal de Cozv\u00edjar y da\u00a0 luz primero a Cozv\u00edjar, despu\u00e9s a Nig\u00fcelas y posteriormente se fusiona con otra empresa el\u00e9ctrica de Meleg\u00eds y crean la hidroel\u00e9ctrica el valle.<\/h4>\n<div id=\"attachment_607\" style=\"width: 373px\" class=\"wp-caption alignnone\"><img aria-describedby=\"caption-attachment-607\" loading=\"lazy\" class=\" wp-image-607\" src=\"http:\/\/adurcal.com\/turismo\/wp-content\/uploads\/2018\/01\/Central-electrica-300x225.jpg\" alt=\"\" width=\"363\" height=\"272\" srcset=\"http:\/\/adurcal.com\/turismo\/wp-content\/uploads\/2018\/01\/Central-electrica-300x225.jpg 300w, http:\/\/adurcal.com\/turismo\/wp-content\/uploads\/2018\/01\/Central-electrica-768x575.jpg 768w, http:\/\/adurcal.com\/turismo\/wp-content\/uploads\/2018\/01\/Central-electrica.jpg 796w\" sizes=\"(max-width: 363px) 100vw, 363px\" \/><p id=\"caption-attachment-607\" class=\"wp-caption-text\">Central El\u00e9ctrica de San Antonio<\/p><\/div>\n","protected":false},"excerpt":{"rendered":"<p>Aunque esta familia no lleva el nombre de D\u00farcal o de ninguno de sus barrios, no por ello no debemos recordar a estos personajes hist\u00f3ricos y pertenecientes a la nobleza que hicieron mucho por D\u00farcal y por los habitantes del valle de Lecr\u00edn. Don Juan Tuset y Malet, procedente de Tarragona de familia con t\u00edtulo [&hellip;]<\/p>\n","protected":false},"author":1,"featured_media":0,"parent":0,"menu_order":0,"comment_status":"closed","ping_status":"closed","template":"","meta":[],"_links":{"self":[{"href":"http:\/\/adurcal.com\/turismo\/wp-json\/wp\/v2\/pages\/2867"}],"collection":[{"href":"http:\/\/adurcal.com\/turismo\/wp-json\/wp\/v2\/pages"}],"about":[{"href":"http:\/\/adurcal.com\/turismo\/wp-json\/wp\/v2\/types\/page"}],"author":[{"embeddable":true,"href":"http:\/\/adurcal.com\/turismo\/wp-json\/wp\/v2\/users\/1"}],"replies":[{"embeddable":true,"href":"http:\/\/adurcal.com\/turismo\/wp-json\/wp\/v2\/comments?post=2867"}],"version-history":[{"count":8,"href":"http:\/\/adurcal.com\/turismo\/wp-json\/wp\/v2\/pages\/2867\/revisions"}],"predecessor-version":[{"id":3412,"href":"http:\/\/adurcal.com\/turismo\/wp-json\/wp\/v2\/pages\/2867\/revisions\/3412"}],"wp:attachment":[{"href":"http:\/\/adurcal.com\/turismo\/wp-json\/wp\/v2\/media?parent=2867"}],"curies":[{"name":"wp","href":"https:\/\/api.w.org\/{rel}","templated":true}]}}