{"id":2838,"date":"2018-04-03T09:07:26","date_gmt":"2018-04-03T08:07:26","guid":{"rendered":"http:\/\/adurcal.com\/turismo\/?page_id=2838"},"modified":"2018-04-03T09:10:59","modified_gmt":"2018-04-03T08:10:59","slug":"romeria-de-san-isidro","status":"publish","type":"page","link":"http:\/\/adurcal.com\/turismo\/romeria-de-san-isidro\/","title":{"rendered":"Romer\u00eda de San Isidro"},"content":{"rendered":"<h4>\u00a0D\u00farcal ha sido siempre un pueblo de agricultores, de gente sencilla y trabajadora. El patr\u00f3n de los trabajadores del campo,<a href=\"http:\/\/adurcal.com\/turismo\/san-isidro\/\"> San Isidro<\/a> es y ha sido muy venerado en este pueblo. Su figura se guarda en la ermita de San Blas y el fin de semana m\u00e1s cercano al 15 de mayo, la tarde del S\u00e1bado se recoge y se baja a la iglesia para recibir una misa. Esa misma noche en la plaza del pueblo hay una gran verbena popular amenizaba con m\u00fasica, y hasta altas horas de la madrugada la gente se divierte.<\/h4>\n<h4><img loading=\"lazy\" class=\"alignnone wp-image-1112\" src=\"http:\/\/adurcal.com\/turismo\/wp-content\/uploads\/2018\/01\/normal_romeria-189_web-1-300x169.jpg\" alt=\"\" width=\"554\" height=\"312\" srcset=\"http:\/\/adurcal.com\/turismo\/wp-content\/uploads\/2018\/01\/normal_romeria-189_web-1-300x169.jpg 300w, http:\/\/adurcal.com\/turismo\/wp-content\/uploads\/2018\/01\/normal_romeria-189_web-1.jpg 400w\" sizes=\"(max-width: 554px) 100vw, 554px\" \/><\/h4>\n<h4>Al otro d\u00eda, m\u00e1s concretamente en domingo, en Santo es puesto en un carro y tras \u00e9l los romeros vestidos con trajes t\u00edpicos comienzan la denominada romer\u00eda. La tradici\u00f3n casi siempre ha hecho que esta romer\u00eda llegase a Marchena y all\u00ed las gentes pasan un buen d\u00eda de campo con amigos y familiares.<\/h4>\n<h4>Tras todo una jornada de alegr\u00eda, los romeros devuelven de nuevo al Santo a la ermita de San Blas.<\/h4>\n<h4>.<\/h4>\n","protected":false},"excerpt":{"rendered":"<p>\u00a0D\u00farcal ha sido siempre un pueblo de agricultores, de gente sencilla y trabajadora. El patr\u00f3n de los trabajadores del campo, San Isidro es y ha sido muy venerado en este pueblo. Su figura se guarda en la ermita de San Blas y el fin de semana m\u00e1s cercano al 15 de mayo, la tarde del [&hellip;]<\/p>\n","protected":false},"author":1,"featured_media":0,"parent":0,"menu_order":0,"comment_status":"closed","ping_status":"closed","template":"","meta":[],"_links":{"self":[{"href":"http:\/\/adurcal.com\/turismo\/wp-json\/wp\/v2\/pages\/2838"}],"collection":[{"href":"http:\/\/adurcal.com\/turismo\/wp-json\/wp\/v2\/pages"}],"about":[{"href":"http:\/\/adurcal.com\/turismo\/wp-json\/wp\/v2\/types\/page"}],"author":[{"embeddable":true,"href":"http:\/\/adurcal.com\/turismo\/wp-json\/wp\/v2\/users\/1"}],"replies":[{"embeddable":true,"href":"http:\/\/adurcal.com\/turismo\/wp-json\/wp\/v2\/comments?post=2838"}],"version-history":[{"count":2,"href":"http:\/\/adurcal.com\/turismo\/wp-json\/wp\/v2\/pages\/2838\/revisions"}],"predecessor-version":[{"id":2841,"href":"http:\/\/adurcal.com\/turismo\/wp-json\/wp\/v2\/pages\/2838\/revisions\/2841"}],"wp:attachment":[{"href":"http:\/\/adurcal.com\/turismo\/wp-json\/wp\/v2\/media?parent=2838"}],"curies":[{"name":"wp","href":"https:\/\/api.w.org\/{rel}","templated":true}]}}

Romería de San Isidro

<h4> Dúrcal ha sido siempre un pueblo de agricultores, de gente sencilla y trabajadora. El patrón de los trabajadores del campo,<a href="http://adurcal.com/turismo/san-isidro/"> San Isidro</a> es y ha sido muy venerado en este pueblo. Su figura se guarda en la ermita de San Blas y el fin de semana más cercano al 15 de mayo, la tarde del Sábado se recoge y se baja a la iglesia para recibir una misa. Esa misma noche en la plaza del pueblo hay una gran verbena popular amenizaba con música, y hasta altas horas de la madrugada la gente se divierte.</h4>
<h4><img loading="lazy" class="alignnone wp-image-1112" src="http://adurcal.com/turismo/wp-content/uploads/2018/01/normal_romeria-189_web-1-300x169.jpg" alt="" width="554" height="312" srcset="http://adurcal.com/turismo/wp-content/uploads/2018/01/normal_romeria-189_web-1-300x169.jpg 300w, http://adurcal.com/turismo/wp-content/uploads/2018/01/normal_romeria-189_web-1.jpg 400w" sizes="(max-width: 554px) 100vw, 554px" /></h4>
<h4>Al otro día, más concretamente en domingo, en Santo es puesto en un carro y tras él los romeros vestidos con trajes típicos comienzan la denominada romería. La tradición casi siempre ha hecho que esta romería llegase a Marchena y allí las gentes pasan un buen día de campo con amigos y familiares.</h4>
<h4>Tras todo una jornada de alegría, los romeros devuelven de nuevo al Santo a la ermita de San Blas.</h4>
<h4>.</h4>

<p> Dúrcal ha sido siempre un pueblo de agricultores, de gente sencilla y trabajadora. El patrón de los trabajadores del campo, San Isidro es y ha sido muy venerado en este pueblo. Su figura se guarda en la ermita de San Blas y el fin de semana más cercano al 15 de mayo, la tarde del [&hellip;]</p>
