{"id":2831,"date":"2018-04-03T08:37:26","date_gmt":"2018-04-03T07:37:26","guid":{"rendered":"http:\/\/adurcal.com\/turismo\/?page_id=2831"},"modified":"2018-04-13T12:14:33","modified_gmt":"2018-04-13T11:14:33","slug":"el-dia-de-la-cruz","status":"publish","type":"page","link":"http:\/\/adurcal.com\/turismo\/el-dia-de-la-cruz\/","title":{"rendered":"El d\u00eda de la cruz"},"content":{"rendered":"<h4>Una de las fiestas granadinas por excelencia. Cada tres de Mayo las calles de todos los pueblos y de la capital granadina, alli donde hay cruces fijas o d\u00f3nde no, se llenan de gente para contemplar nuestras engalanadas cruces decoradas para la ocasi\u00f3n.Esta fiesta\u00a0 singular y de tradici\u00f3n tan granadina se celebra desde hace muchos a\u00f1os.<\/h4>\n<h4><img loading=\"lazy\" class=\"alignnone size-medium wp-image-2225\" src=\"http:\/\/adurcal.com\/turismo\/wp-content\/uploads\/2018\/03\/normal_Dia_de_la_CRUZ_2009_021-copia-copia-copia-300x225.jpg\" alt=\"\" width=\"300\" height=\"225\" srcset=\"http:\/\/adurcal.com\/turismo\/wp-content\/uploads\/2018\/03\/normal_Dia_de_la_CRUZ_2009_021-copia-copia-copia-300x225.jpg 300w, http:\/\/adurcal.com\/turismo\/wp-content\/uploads\/2018\/03\/normal_Dia_de_la_CRUZ_2009_021-copia-copia-copia.jpg 400w\" sizes=\"(max-width: 300px) 100vw, 300px\" \/>\u00a0 \u00a0\u00a0<img loading=\"lazy\" class=\"alignnone size-medium wp-image-64\" src=\"http:\/\/adurcal.com\/turismo\/wp-content\/uploads\/2017\/05\/cruces_24-225x300.jpg\" alt=\"\" width=\"225\" height=\"300\" srcset=\"http:\/\/adurcal.com\/turismo\/wp-content\/uploads\/2017\/05\/cruces_24-225x300.jpg 225w, http:\/\/adurcal.com\/turismo\/wp-content\/uploads\/2017\/05\/cruces_24.jpg 396w\" sizes=\"(max-width: 225px) 100vw, 225px\" \/><\/h4>\n<h4>En D\u00farcal se adornan las dos cruces de piedra que hay en nuestra localidad de manera permanente, la <a href=\"http:\/\/adurcal.com\/turismo\/cruces-de-durcal\/\" target=\"_blank\" rel=\"noopener\">cruz del Darr\u00f3n<\/a> y la cruz de la Ermita.Tambi\u00e9n en algunos barrios los vecinos improvisan cruces que adornan con macetas, plantas, mantones de Man\u00edla, s\u00e1banas, flores, objetos de cobre, figuras religiosas y cualquier elemento referente al esta singular fiesta.<\/h4>\n<h4>En este d\u00eda las calles del pueblo que van en direcci\u00f3n a las cruces son transitadas por numerosos vecinos y vecinas de la localidad,muchos de los cuales van vestidos con trajes de gitana sobre todo, los m\u00e1s peque\u00f1os de la casa.<\/h4>\n","protected":false},"excerpt":{"rendered":"<p>Una de las fiestas granadinas por excelencia. Cada tres de Mayo las calles de todos los pueblos y de la capital granadina, alli donde hay cruces fijas o d\u00f3nde no, se llenan de gente para contemplar nuestras engalanadas cruces decoradas para la ocasi\u00f3n.Esta fiesta\u00a0 singular y de tradici\u00f3n tan granadina se celebra desde hace muchos [&hellip;]<\/p>\n","protected":false},"author":1,"featured_media":0,"parent":0,"menu_order":0,"comment_status":"closed","ping_status":"closed","template":"","meta":[],"_links":{"self":[{"href":"http:\/\/adurcal.com\/turismo\/wp-json\/wp\/v2\/pages\/2831"}],"collection":[{"href":"http:\/\/adurcal.com\/turismo\/wp-json\/wp\/v2\/pages"}],"about":[{"href":"http:\/\/adurcal.com\/turismo\/wp-json\/wp\/v2\/types\/page"}],"author":[{"embeddable":true,"href":"http:\/\/adurcal.com\/turismo\/wp-json\/wp\/v2\/users\/1"}],"replies":[{"embeddable":true,"href":"http:\/\/adurcal.com\/turismo\/wp-json\/wp\/v2\/comments?post=2831"}],"version-history":[{"count":9,"href":"http:\/\/adurcal.com\/turismo\/wp-json\/wp\/v2\/pages\/2831\/revisions"}],"predecessor-version":[{"id":3507,"href":"http:\/\/adurcal.com\/turismo\/wp-json\/wp\/v2\/pages\/2831\/revisions\/3507"}],"wp:attachment":[{"href":"http:\/\/adurcal.com\/turismo\/wp-json\/wp\/v2\/media?parent=2831"}],"curies":[{"name":"wp","href":"https:\/\/api.w.org\/{rel}","templated":true}]}}