{"id":2550,"date":"2018-03-26T18:29:51","date_gmt":"2018-03-26T17:29:51","guid":{"rendered":"http:\/\/adurcal.com\/turismo\/?page_id=2550"},"modified":"2018-04-11T11:01:51","modified_gmt":"2018-04-11T10:01:51","slug":"fiestas-de-san-blas","status":"publish","type":"page","link":"http:\/\/adurcal.com\/turismo\/fiestas-de-san-blas\/","title":{"rendered":"Fiestas de San Blas"},"content":{"rendered":"<h4>El patr\u00f3n de D\u00farcal <a href=\"http:\/\/adurcal.com\/turismo\/san-blas\/\">San Blas.\u00a0<\/a>es muy querido entre todos los Durque\u00f1os y a\u00fan se recuerdan milagros y leyendas por la zona.El origen de estas fiestas es muy antiguo y cada a\u00f1o desde la Ermita de San Blas se baja al patr\u00f3n hasta la iglesia en un enorme despliegue de fuegos artificiales y m\u00e1s concretamente las denominadas ruedas, sufragadas por particulares como mandas o como demostraci\u00f3n de devoci\u00f3n al patron de D\u00farcal.<\/h4>\n<h4><img loading=\"lazy\" class=\"alignnone size-medium wp-image-1162\" src=\"http:\/\/adurcal.com\/turismo\/wp-content\/uploads\/2018\/01\/san_blas_10-_23_-_800x600_-1-300x225.jpg\" alt=\"\" width=\"300\" height=\"225\" srcset=\"http:\/\/adurcal.com\/turismo\/wp-content\/uploads\/2018\/01\/san_blas_10-_23_-_800x600_-1-300x225.jpg 300w, http:\/\/adurcal.com\/turismo\/wp-content\/uploads\/2018\/01\/san_blas_10-_23_-_800x600_-1-768x576.jpg 768w, http:\/\/adurcal.com\/turismo\/wp-content\/uploads\/2018\/01\/san_blas_10-_23_-_800x600_-1.jpg 1024w\" sizes=\"(max-width: 300px) 100vw, 300px\" \/><\/h4>\n<h4>El dia 2 de Febrero tambien hay una importante misa a la virgen de la Candelaria.Estas fiestas tienen un alto sabor a tradici\u00f3n,a religiosidad,a devoci\u00f3n,San Blas es muy venerado aqu\u00ed.Tambi\u00e9n se le atribuyen poderes curativos para la garganta y la gente del pueblo se pone un lazo rojo en el cuello para la protecci\u00f3n de \u00e9ste.<\/h4>\n<h4>En \u00e9stas fiestas centenarias se realizan diversas actividades deportivas culturales y de distinta \u00edndole pero tras la misa en el d\u00eda de San Blas en la plaza del pueblo se realiza un concierto de la banda local de D\u00farcal que se lleva haciendo m\u00e1s de cien a\u00f1os.<\/h4>\n","protected":false},"excerpt":{"rendered":"<p>El patr\u00f3n de D\u00farcal San Blas.\u00a0es muy querido entre todos los Durque\u00f1os y a\u00fan se recuerdan milagros y leyendas por la zona.El origen de estas fiestas es muy antiguo y cada a\u00f1o desde la Ermita de San Blas se baja al patr\u00f3n hasta la iglesia en un enorme despliegue de fuegos artificiales y m\u00e1s concretamente [&hellip;]<\/p>\n","protected":false},"author":1,"featured_media":0,"parent":0,"menu_order":0,"comment_status":"closed","ping_status":"closed","template":"","meta":[],"_links":{"self":[{"href":"http:\/\/adurcal.com\/turismo\/wp-json\/wp\/v2\/pages\/2550"}],"collection":[{"href":"http:\/\/adurcal.com\/turismo\/wp-json\/wp\/v2\/pages"}],"about":[{"href":"http:\/\/adurcal.com\/turismo\/wp-json\/wp\/v2\/types\/page"}],"author":[{"embeddable":true,"href":"http:\/\/adurcal.com\/turismo\/wp-json\/wp\/v2\/users\/1"}],"replies":[{"embeddable":true,"href":"http:\/\/adurcal.com\/turismo\/wp-json\/wp\/v2\/comments?post=2550"}],"version-history":[{"count":5,"href":"http:\/\/adurcal.com\/turismo\/wp-json\/wp\/v2\/pages\/2550\/revisions"}],"predecessor-version":[{"id":3399,"href":"http:\/\/adurcal.com\/turismo\/wp-json\/wp\/v2\/pages\/2550\/revisions\/3399"}],"wp:attachment":[{"href":"http:\/\/adurcal.com\/turismo\/wp-json\/wp\/v2\/media?parent=2550"}],"curies":[{"name":"wp","href":"https:\/\/api.w.org\/{rel}","templated":true}]}}