{"id":2368,"date":"2018-03-27T11:56:35","date_gmt":"2018-03-27T10:56:35","guid":{"rendered":"http:\/\/adurcal.com\/turismo\/?page_id=2368"},"modified":"2019-11-19T08:14:01","modified_gmt":"2019-11-19T07:14:01","slug":"pagina-de-inicio","status":"publish","type":"page","link":"http:\/\/adurcal.com\/turismo\/","title":{"rendered":"pagina de inicio"},"content":{"rendered":"<figure>\n\t\t\t\t\t\t\t\t\t\t\t<a href=\"http:\/\/adurcal.com\/turismo\/canal-de-fuga\/\" data-elementor-open-lightbox=\"\"><br \/>\n\t\t\t\t\t\t\t<img loading=\"lazy\" width=\"817\" height=\"613\" src=\"http:\/\/adurcal.com\/turismo\/wp-content\/uploads\/2018\/03\/P1240358.jpg\" alt=\"CANAL DE FUGA CON CAMPEROS CAMPING GENTE TURISMO D\u00daRCAL VALLE DE LECR\u00cdN\" srcset=\"http:\/\/adurcal.com\/turismo\/wp-content\/uploads\/2018\/03\/P1240358.jpg 817w, http:\/\/adurcal.com\/turismo\/wp-content\/uploads\/2018\/03\/P1240358-300x225.jpg 300w, http:\/\/adurcal.com\/turismo\/wp-content\/uploads\/2018\/03\/P1240358-768x576.jpg 768w\" sizes=\"(max-width: 817px) 100vw, 817px\" \/>\t\t\t\t\t\t\t\t<\/a><figcaption>CANAL DE FUGA<\/figcaption><\/figure>\n<figure>\n\t\t\t\t\t\t\t\t\t\t\t<a href=\"http:\/\/adurcal.com\/turismo\/los-banos\/\" data-elementor-open-lightbox=\"\"><br \/>\n\t\t\t\t\t\t\t<img loading=\"lazy\" width=\"870\" height=\"653\" src=\"http:\/\/adurcal.com\/turismo\/wp-content\/uploads\/2018\/03\/drcal_8538366511_o-copia-copia-1024x768.jpg\" alt=\"BA\u00d1O GRANDE VACAMIA TURISMO D\u00daRCAL VALLE DE LECR\u00cdN\" srcset=\"http:\/\/adurcal.com\/turismo\/wp-content\/uploads\/2018\/03\/drcal_8538366511_o-copia-copia-1024x768.jpg 1024w, http:\/\/adurcal.com\/turismo\/wp-content\/uploads\/2018\/03\/drcal_8538366511_o-copia-copia-300x225.jpg 300w, http:\/\/adurcal.com\/turismo\/wp-content\/uploads\/2018\/03\/drcal_8538366511_o-copia-copia-768x576.jpg 768w, http:\/\/adurcal.com\/turismo\/wp-content\/uploads\/2018\/03\/drcal_8538366511_o-copia-copia.jpg 1200w\" sizes=\"(max-width: 870px) 100vw, 870px\" \/>\t\t\t\t\t\t\t\t<\/a><figcaption>BA\u00d1O GRANDE O DE VACAM\u00cdA<\/figcaption><\/figure>\n<figure>\n\t\t\t\t\t\t\t\t\t\t\t<a href=\"http:\/\/adurcal.com\/turismo\/el-puente-antiguo\/\" data-elementor-open-lightbox=\"\"><br \/>\n\t\t\t\t\t\t\t<img loading=\"lazy\" width=\"870\" height=\"653\" src=\"http:\/\/adurcal.com\/turismo\/wp-content\/uploads\/2018\/04\/drcal_8538368973_o-copia-copia-1024x768.jpg\" alt=\"PUENTE DE ISABEL II O PUENTE ANTIGUO DE PIEDRA TURISMO D\u00daRCAL VALLE DE LECR\u00cdN\" srcset=\"http:\/\/adurcal.com\/turismo\/wp-content\/uploads\/2018\/04\/drcal_8538368973_o-copia-copia-1024x768.jpg 1024w, http:\/\/adurcal.com\/turismo\/wp-content\/uploads\/2018\/04\/drcal_8538368973_o-copia-copia-300x225.jpg 300w, http:\/\/adurcal.com\/turismo\/wp-content\/uploads\/2018\/04\/drcal_8538368973_o-copia-copia-768x576.jpg 768w, http:\/\/adurcal.com\/turismo\/wp-content\/uploads\/2018\/04\/drcal_8538368973_o-copia-copia.jpg 1200w\" sizes=\"(max-width: 870px) 100vw, 870px\" \/>\t\t\t\t\t\t\t\t<\/a><figcaption>PUENTE ANTIGUO<\/figcaption><\/figure>\n","protected":false},"excerpt":{"rendered":"<p>CANAL DE FUGA BA\u00d1O GRANDE O DE VACAM\u00cdA PUENTE ANTIGUO<\/p>\n","protected":false},"author":1,"featured_media":0,"parent":0,"menu_order":0,"comment_status":"closed","ping_status":"closed","template":"template-full-width.php","meta":[],"_links":{"self":[{"href":"http:\/\/adurcal.com\/turismo\/wp-json\/wp\/v2\/pages\/2368"}],"collection":[{"href":"http:\/\/adurcal.com\/turismo\/wp-json\/wp\/v2\/pages"}],"about":[{"href":"http:\/\/adurcal.com\/turismo\/wp-json\/wp\/v2\/types\/page"}],"author":[{"embeddable":true,"href":"http:\/\/adurcal.com\/turismo\/wp-json\/wp\/v2\/users\/1"}],"replies":[{"embeddable":true,"href":"http:\/\/adurcal.com\/turismo\/wp-json\/wp\/v2\/comments?post=2368"}],"version-history":[{"count":85,"href":"http:\/\/adurcal.com\/turismo\/wp-json\/wp\/v2\/pages\/2368\/revisions"}],"predecessor-version":[{"id":3883,"href":"http:\/\/adurcal.com\/turismo\/wp-json\/wp\/v2\/pages\/2368\/revisions\/3883"}],"wp:attachment":[{"href":"http:\/\/adurcal.com\/turismo\/wp-json\/wp\/v2\/media?parent=2368"}],"curies":[{"name":"wp","href":"https:\/\/api.w.org\/{rel}","templated":true}]}}