{"id":1992,"date":"2018-02-26T12:04:59","date_gmt":"2018-02-26T12:04:59","guid":{"rendered":"http:\/\/adurcal.com\/turismo\/?page_id=1992"},"modified":"2018-04-13T12:38:00","modified_gmt":"2018-04-13T11:38:00","slug":"personajes-ilustres","status":"publish","type":"page","link":"http:\/\/adurcal.com\/turismo\/personajes-ilustres\/","title":{"rendered":"Visitas Ilustres"},"content":{"rendered":"<h4>D\u00farcal es la puerta a la Alpujarra. El camino real, \u00fanico para acceder a la Alpujarra, sub\u00eda tras cruzar el r\u00edo por el puente \u201c medieval\u201d, por el camino de las fuentes y tras llegar a la plaza, se derivaba al barrio del Darr\u00f3n, donde una gran cruz hacia de partidor de caminos, uno hacia Nig\u00fcelas y \u00a0Acequias y el otro hacia Murchas ,Talar\u00e1 y B\u00e9znar tras pasar por la fachada principal de la Ermita.<\/h4>\n<h4>Personajes hist\u00f3ricos pasaron por este camino real, unos m\u00e1s importantes que otros, pero los aqu\u00ed nombrados tienen la suficiente importancia como para ser destacados por el paso por nuestro municipio.<\/h4>\n<h4>Llegando a la \u00faltima parte del reino nazarita de Granada y un poco antes de su definitiva reconquista, el \u00faltimo sult\u00e1n moro Boabdil, su Padre Muley Hacen y el hermano de \u00e9ste \u00faltimo y t\u00edo del anterior llamado el Zagal, pasaron por nuestras tierras en repetidas ocasiones. Tambi\u00e9n podr\u00edamos destacar alguno del bando cristiano, Don Gonzalo Fern\u00e1ndez de C\u00f3rdoba, llamado tambi\u00e9n el gran Capit\u00e1n o las incursiones de Fernando el Cat\u00f3lico y su ej\u00e9rcito por el valle de Lecr\u00edn.<\/h4>\n<h4>Pasados unos a\u00f1os en la segundo rebeli\u00f3n de los moriscos, Fernando de C\u00f3rdoba (Ab\u00e9n Humeya) nombrado en B\u00e9znar como rey de los moriscos, abri\u00f3 una de las p\u00e1ginas m\u00e1s negras de estas tierras, donde las diferentes incursiones de ambos bandos dejaron numerosas muertes. Fueron muchos los grandes capitanes que pasaron e intentaron sublevar a \u00a0los fieros monf\u00edes, hasta que el rey Felipe II tuvo que mandar a su mejor Capit\u00e1n (y tambi\u00e9n hermanastro) Don Juan de Austria, que fue ganador de la batalla de Lepanto contra los turcos, y de esta manera consigui\u00f3 atajar la revuelta de los moriscos granadinos y diseminarlos por todo el reino.<\/h4>\n<h4>Entre 1855-60 del escritor Benito P\u00e9rez Gald\u00f3s pasa por estas tierras como se atestigua en su novela la vuelta al mundo en la Numancia, donde describe su paso por el valle de Lecr\u00edn. La carretera Granada-Motril empieza a ser transitable por algunos tramos con cargos o diligencias, y este famoso escritor pudo llegar hasta B\u00e9znar con un carruaje llamado galera. Debi\u00f3 continuar el camino a caballo, ya que el puente de \u00cdzbor estaba en plena construcci\u00f3n.<\/h4>\n<p><img loading=\"lazy\" class=\"alignnone wp-image-3067\" src=\"http:\/\/adurcal.com\/turismo\/wp-content\/uploads\/2018\/04\/descarga-2.jpg\" alt=\"\" width=\"219\" height=\"292\" \/><\/p>\n<h4>Un poco m\u00e1s tarde con la carretera totalmente construida en 1873 pasa en diligencia el escritor Pedro Antonio de Alarc\u00f3n, que en su viaje a la Alpujarra, describe el valle. A los once a\u00f1os del paso del escritor rom\u00e1ntico se produjo el famoso terremoto de 1884.<\/h4>\n<h4>Tras este desastre el mism\u00edsimo rey Alfonso XII visita el valle un 14 de enero de 1885. El rey llega a las 9:30 de la ma\u00f1ana a Padul donde visit\u00f3 algunos heridos del terremoto de la Navidad de 1884. A las 12 entr\u00f3 en D\u00farcal y fue recibido en la casa del Marqu\u00e9s de M\u00e1rgena. Se le aconsej\u00f3 que no visitara ni Albu\u00f1uelas ni Murchas por el estado de los caminos. Alfonso XII se hosped\u00f3 en el palacio del Marqu\u00e9s de M\u00e1rgena como atestigua una placa de 1885. Esta visita a D\u00farcal sin duda alguna le dej\u00f3 un gran sabor de boca ya que a los pocos meses concede el <a href=\"http:\/\/adurcal.com\/turismo\/el-ducado-de-durcal\/\" target=\"_blank\" rel=\"noopener\">Ducado de D\u00farcal<\/a> a un primo suyo, no pasando desde estos hechos ni tan siquiera a\u00f1o.<\/h4>\n<p><img loading=\"lazy\" class=\"alignnone wp-image-1046\" src=\"http:\/\/adurcal.com\/turismo\/wp-content\/uploads\/2018\/01\/DSCF2595_small-1-213x300.jpg\" alt=\"\" width=\"364\" height=\"513\" srcset=\"http:\/\/adurcal.com\/turismo\/wp-content\/uploads\/2018\/01\/DSCF2595_small-1-213x300.jpg 213w, http:\/\/adurcal.com\/turismo\/wp-content\/uploads\/2018\/01\/DSCF2595_small-1.jpg 400w\" sizes=\"(max-width: 364px) 100vw, 364px\" \/><\/p>\n<h4>El 1 de febrero de 1917, el rey Alfonso XIII, viajaba hacia la Haza del Lino en la Alpujarra. Almuerza en D\u00farcal en el antiguo palacio de los M\u00e1rgena, vendido a Francisco Echevarr\u00eda Moreno, rico comerciante y ex diputado provincial y a su vez Padre de Celestino Echevarr\u00eda. En el almuerzo ambos Echevarr\u00eda se sentaron junto al rey, versando la conversaci\u00f3n sobre temas agr\u00edcolas. Desde aqu\u00ed atraves\u00f3 el valle con direcci\u00f3n a la Alpujarra.<\/h4>\n","protected":false},"excerpt":{"rendered":"<p>D\u00farcal es la puerta a la Alpujarra. El camino real, \u00fanico para acceder a la Alpujarra, sub\u00eda tras cruzar el r\u00edo por el puente \u201c medieval\u201d, por el camino de las fuentes y tras llegar a la plaza, se derivaba al barrio del Darr\u00f3n, donde una gran cruz hacia de partidor de caminos, uno hacia [&hellip;]<\/p>\n","protected":false},"author":1,"featured_media":0,"parent":0,"menu_order":0,"comment_status":"closed","ping_status":"closed","template":"","meta":[],"_links":{"self":[{"href":"http:\/\/adurcal.com\/turismo\/wp-json\/wp\/v2\/pages\/1992"}],"collection":[{"href":"http:\/\/adurcal.com\/turismo\/wp-json\/wp\/v2\/pages"}],"about":[{"href":"http:\/\/adurcal.com\/turismo\/wp-json\/wp\/v2\/types\/page"}],"author":[{"embeddable":true,"href":"http:\/\/adurcal.com\/turismo\/wp-json\/wp\/v2\/users\/1"}],"replies":[{"embeddable":true,"href":"http:\/\/adurcal.com\/turismo\/wp-json\/wp\/v2\/comments?post=1992"}],"version-history":[{"count":9,"href":"http:\/\/adurcal.com\/turismo\/wp-json\/wp\/v2\/pages\/1992\/revisions"}],"predecessor-version":[{"id":3509,"href":"http:\/\/adurcal.com\/turismo\/wp-json\/wp\/v2\/pages\/1992\/revisions\/3509"}],"wp:attachment":[{"href":"http:\/\/adurcal.com\/turismo\/wp-json\/wp\/v2\/media?parent=1992"}],"curies":[{"name":"wp","href":"https:\/\/api.w.org\/{rel}","templated":true}]}}