{"id":1300,"date":"2018-01-24T16:47:08","date_gmt":"2018-01-24T16:47:08","guid":{"rendered":"http:\/\/adurcal.com\/turismo\/?page_id=1300"},"modified":"2019-06-10T09:12:53","modified_gmt":"2019-06-10T08:12:53","slug":"eventos-musicales","status":"publish","type":"page","link":"http:\/\/adurcal.com\/turismo\/eventos-musicales\/","title":{"rendered":"Eventos musicales"},"content":{"rendered":"<p>D\u00cdA DE LA M\u00daSICA EN LA CALLE<\/p>\n<p>El d\u00eda de la m\u00fasica en la calle en D\u00farcal 2019 o \u00bb <strong>DMC 2019 \u00bb <\/strong>es una jornada de conciertos gratuitos. M\u00fasicos no solo de D\u00farcal y de Granada sino tambi\u00e9n de toda Andaluc\u00eda y de fuera, tocar\u00e1n en la calle de la localidad llenando plazas y el parque de la estaci\u00f3n durante pr\u00e1cticamente todo el d\u00eda<\/p>\n<p>\t\t\t\t\t\t\t\t\t\t<img loading=\"lazy\" width=\"681\" height=\"960\" src=\"http:\/\/adurcal.com\/turismo\/wp-content\/uploads\/2019\/06\/62237472_2297925576956608_8965636121778192384_n.jpg\" alt=\"\" srcset=\"http:\/\/adurcal.com\/turismo\/wp-content\/uploads\/2019\/06\/62237472_2297925576956608_8965636121778192384_n.jpg 681w, http:\/\/adurcal.com\/turismo\/wp-content\/uploads\/2019\/06\/62237472_2297925576956608_8965636121778192384_n-213x300.jpg 213w\" sizes=\"(max-width: 681px) 100vw, 681px\" \/><br \/>\n\t\t\t\t\t\t\t\t\t\t<img loading=\"lazy\" width=\"870\" height=\"617\" src=\"http:\/\/adurcal.com\/turismo\/wp-content\/uploads\/2019\/06\/62242577_2297925583623274_8668429856683327488_n.jpg\" alt=\"\" srcset=\"http:\/\/adurcal.com\/turismo\/wp-content\/uploads\/2019\/06\/62242577_2297925583623274_8668429856683327488_n.jpg 960w, http:\/\/adurcal.com\/turismo\/wp-content\/uploads\/2019\/06\/62242577_2297925583623274_8668429856683327488_n-300x213.jpg 300w, http:\/\/adurcal.com\/turismo\/wp-content\/uploads\/2019\/06\/62242577_2297925583623274_8668429856683327488_n-768x545.jpg 768w\" sizes=\"(max-width: 870px) 100vw, 870px\" \/><br \/>\n\t\t\t\t\t\t\t\t\t\t<img loading=\"lazy\" width=\"870\" height=\"580\" src=\"http:\/\/adurcal.com\/turismo\/wp-content\/uploads\/2019\/06\/33104605_1736518799763958_8372629020851830784_n.jpg\" alt=\"\" srcset=\"http:\/\/adurcal.com\/turismo\/wp-content\/uploads\/2019\/06\/33104605_1736518799763958_8372629020851830784_n.jpg 960w, http:\/\/adurcal.com\/turismo\/wp-content\/uploads\/2019\/06\/33104605_1736518799763958_8372629020851830784_n-300x200.jpg 300w, http:\/\/adurcal.com\/turismo\/wp-content\/uploads\/2019\/06\/33104605_1736518799763958_8372629020851830784_n-768x512.jpg 768w\" sizes=\"(max-width: 870px) 100vw, 870px\" \/><br \/>\n\t\t\t\t\t\t\t\t\t\t<img loading=\"lazy\" width=\"870\" height=\"580\" src=\"http:\/\/adurcal.com\/turismo\/wp-content\/uploads\/2019\/06\/33038099_1736522379763600_1582585514593091584_n.jpg\" alt=\"\" srcset=\"http:\/\/adurcal.com\/turismo\/wp-content\/uploads\/2019\/06\/33038099_1736522379763600_1582585514593091584_n.jpg 960w, http:\/\/adurcal.com\/turismo\/wp-content\/uploads\/2019\/06\/33038099_1736522379763600_1582585514593091584_n-300x200.jpg 300w, http:\/\/adurcal.com\/turismo\/wp-content\/uploads\/2019\/06\/33038099_1736522379763600_1582585514593091584_n-768x512.jpg 768w\" sizes=\"(max-width: 870px) 100vw, 870px\" \/>\t\t\t\t\t\t\t\t\t\t\t<\/p>\n<p>CONCIERTOS DE BARRIO<\/p>\n<p>Nuestra centenaria banda de m\u00fasica, se deja ver en los barrios m\u00e1s populares del pueblo para que los vecinos puedan deleitar en las calurosas noches de verano.<\/p>\n<p>\t\t\t\t\t\t\t\t\t\t<img loading=\"lazy\" width=\"200\" height=\"200\" src=\"http:\/\/adurcal.com\/turismo\/wp-content\/uploads\/2019\/06\/13769461_1827789187455283_6893150831419321568_n.jpg\" alt=\"\" srcset=\"http:\/\/adurcal.com\/turismo\/wp-content\/uploads\/2019\/06\/13769461_1827789187455283_6893150831419321568_n.jpg 200w, http:\/\/adurcal.com\/turismo\/wp-content\/uploads\/2019\/06\/13769461_1827789187455283_6893150831419321568_n-150x150.jpg 150w\" sizes=\"(max-width: 200px) 100vw, 200px\" \/><\/p>\n","protected":false},"excerpt":{"rendered":"<p>D\u00cdA DE LA M\u00daSICA EN LA CALLE El d\u00eda de la m\u00fasica en la calle en D\u00farcal 2019 o \u00bb DMC 2019 \u00bb es una jornada de conciertos gratuitos. M\u00fasicos no solo de D\u00farcal y de Granada sino tambi\u00e9n de toda Andaluc\u00eda y de fuera, tocar\u00e1n en la calle de la localidad llenando plazas y [&hellip;]<\/p>\n","protected":false},"author":1,"featured_media":0,"parent":0,"menu_order":0,"comment_status":"closed","ping_status":"closed","template":"","meta":[],"_links":{"self":[{"href":"http:\/\/adurcal.com\/turismo\/wp-json\/wp\/v2\/pages\/1300"}],"collection":[{"href":"http:\/\/adurcal.com\/turismo\/wp-json\/wp\/v2\/pages"}],"about":[{"href":"http:\/\/adurcal.com\/turismo\/wp-json\/wp\/v2\/types\/page"}],"author":[{"embeddable":true,"href":"http:\/\/adurcal.com\/turismo\/wp-json\/wp\/v2\/users\/1"}],"replies":[{"embeddable":true,"href":"http:\/\/adurcal.com\/turismo\/wp-json\/wp\/v2\/comments?post=1300"}],"version-history":[{"count":19,"href":"http:\/\/adurcal.com\/turismo\/wp-json\/wp\/v2\/pages\/1300\/revisions"}],"predecessor-version":[{"id":3639,"href":"http:\/\/adurcal.com\/turismo\/wp-json\/wp\/v2\/pages\/1300\/revisions\/3639"}],"wp:attachment":[{"href":"http:\/\/adurcal.com\/turismo\/wp-json\/wp\/v2\/media?parent=1300"}],"curies":[{"name":"wp","href":"https:\/\/api.w.org\/{rel}","templated":true}]}}